e of 23?
False
Does 11 divide 6721?
True
Is 16 a factor of 784?
True
Does 2 divide 5?
False
Does 13 divide 4508?
False
Is 12 a factor of 169?
False
Is 216 a factor of 12312?
True
Is 1218 a multiple of 87?
True
Does 77 divide 9083?
False
Does 3 divide 1443?
True
Is 7 a factor of 4480?
True
Is 15 a factor of 11600?
False
Does 33 divide 41095?
False
Is 556 a multiple of 14?
False
Is 1842 a multiple of 6?
True
Does 23 divide 1173?
True
Does 88 divide 2200?
True
Does 17 divide 3284?
False
Is 19 a multiple of 3?
False
Is 483 a multiple of 9?
False
Is 2195 a multiple of 14?
False
Is 352 a multiple of 32?
True
Is 3133 a multiple of 13?
True
Is 14 a factor of 1372?
True
Does 14 divide 1554?
True
Does 12 divide 18007?
False
Does 10 divide 2610?
True
Does 7 divide 1070?
False
Does 2 divide 130?
True
Is 90 a factor of 9630?
True
Does 5 divide 1757?
False
Does 13 divide 9646?
True
Does 14 divide 8111?
False
Is 3156 a multiple of 51?
False
Does 13 divide 845?
True
Does 139 divide 75370?
False
Is 1878 a multiple of 4?
False
Does 2 divide 469?
False
Does 129 divide 30835?
False
Does 40 divide 10880?
True
Is 850 a multiple of 19?
False
Is 24 a factor of 1187?
False
Is 676 a multiple of 21?
False
Is 11 a factor of 44?
True
Is 42 a factor of 29064?
True
Is 299 a multiple of 13?
True
Is 34554 a multiple of 39?
True
Is 25 a factor of 1202?
False
Is 16 a factor of 752?
True
Is 12 a factor of 900?
True
Is 58 a factor of 522?
True
Is 14 a factor of 842?
False
Is 1642 a multiple of 16?
False
Is 7904 a multiple of 58?
False
Does 83 divide 13512?
False
Is 44 a factor of 2077?
False
Is 20 a factor of 16000?
True
Is 12920 a multiple of 34?
True
Does 8 divide 286?
False
Is 366 a multiple of 5?
False
Does 3 divide 12055?
False
Does 25 divide 375?
True
Is 12293 a multiple of 3?
False
Does 10 divide 7420?
True
Is 10 a factor of 71940?
True
Is 15 a factor of 1130?
False
Does 44 divide 1232?
True
Is 49546 a multiple of 56?
False
Is 9 a factor of 270?
True
Is 35280 a multiple of 240?
True
Does 21 divide 1101?
False
Is 27115 a multiple of 55?
True
Is 970 a multiple of 24?
False
Is 5 a factor of 514?
False
Does 44 divide 8932?
True
Is 2228 a multiple of 56?
False
Is 14 a factor of 7448?
True
Is 9 a factor of 27090?
True
Is 25 a multiple of 25?
True
Does 34 divide 2380?
True
Is 4 a factor of 2606?
False
Is 87234 a multiple of 217?
True
Is 53 a factor of 15664?
False
Does 7 divide 11123?
True
Is 226 a factor of 226?
True
Does 71 divide 84845?
True
Is 110 a factor of 2133?
False
Is 6352 a multiple of 262?
False
Is 986 a multiple of 34?
True
Is 1463 a multiple of 4?
False
Is 2160 a multiple of 16?
True
Is 36344 a multiple of 236?
True
Is 8393 a multiple of 20?
False
Does 7 divide 385?
True
Is 8 a factor of 136?
True
Is 7 a factor of 5506?
False
Is 97 a multiple of 4?
False
Is 17 a factor of 2802?
False
Does 18 divide 820?
False
Does 166 divide 7636?
True
Is 2118 a multiple of 48?
False
Is 46687 a multiple of 83?
False
Does 13 divide 983?
False
Is 35 a factor of 806?
False
Is 23 a factor of 276?
True
Is 473 a multiple of 57?
False
Does 18 divide 128?
False
Is 8802 a multiple of 163?
True
Is 3 a multiple of 2?
False
Is 16 a factor of 4488?
False
Is 217 a multiple of 4?
False
Does 13 divide 13104?
True
Is 48 a factor of 10800?
True
Does 109 divide 3052?
True
Is 798 a multiple of 19?
True
Is 11295 a multiple of 9?
True
Is 35 a factor of 910?
True
Is 27 a factor of 674?
False
Is 2392 a multiple of 52?
True
Is 14 a factor of 980?
True
Does 43 divide 1376?
True
Is 58 a factor of 35852?
False
Is 11822 a multiple of 23?
True
Is 915 a multiple of 15?
True
Does 11 divide 20912?
False
Is 27778 a multiple of 17?
True
Does 50 divide 2150?
True
Is 10 a factor of 11780?
True
Does 50 divide 370?
False
Is 34 a factor of 501?
False
Is 9 a factor of 10008?
True
Does 50 divide 2915?
False
Is 105 a factor of 5920?
False
Does 13 divide 1989?
True
Is 6570 a multiple of 30?
True
Is 30426 a multiple of 95?
False
Is 117 a factor of 1755?
True
Does 108 divide 1620?
True
Is 38 a multiple of 11?
False
Is 21 a factor of 121?
False
Is 327 a multiple of 3?
True
Does 23 divide 322?
True
Is 58 a factor of 6171?
False
Is 171 a factor of 53181?
True
Does 11 divide 58?
False
Is 120 a factor of 2367?
False
Is 92 a factor of 88856?
False
Is 5708 a multiple of 80?
False
Does 115 divide 15803?
False
Does 13 divide 117?
True
Is 118 a multiple of 5?
False
Is 2628 even?
True
Does 147 divide 37779?
True
Is 3 a factor of 4269?
True
Is 27587 a multiple of 47?
False
Is 17192 a multiple of 77?
False
Is 10353 a multiple of 51?
True
Is 533 a multiple of 38?
False
Does 25 divide 143?
False
Does 18 divide 56862?
True
Is 32750 a multiple of 14?
False
Is 65 a factor of 38980?
False
Does 100 divide 16600?
True
Does 5 divide 60?
True
Is 3068 a multiple of 42?
False
Is 18 a factor of 2016?
True
Is 51 a factor of 1734?
True
Is 918 a multiple of 17?
True
Does 46 divide 1104?
True
Does 18 divide 40146?
False
Is 12631 a multiple of 13?
False
Is 456 a multiple of 19?
True
Is 32 a factor of 128?
True
Does 84 divide 8832?
False
Is 17 a factor of 2545?
False
Is 12 a factor of 7800?
True
Is 162 a multiple of 81?
True
Is 897 a multiple of 29?
False
Does 3 divide 66?
True
Does 111 divide 60162?
True
Is 427 a factor of 8967?
True
Is 45 a factor of 8505?
True
Does 26 divide 1138?
False
Does 143 divide 8460?
False
Is 3300 a multiple of 26?
False
Is 4 a factor of 3414?
False
Is 80 a factor of 107237?
False
Is 556 a multiple of 21?
False
Is 920 even?
True
Is 7 a factor of 1243?
False
Is 28 a factor of 812?
True
Is 64 even?
True
Does 178 divide 10150?
False
Does 44 divide 31988?
True
Is 1639 a multiple of 11?
True
Is 5358 a multiple of 22?
False
Does 172 divide 11433?
False
Is 11 a factor of 2706?
True
Is 4452 a multiple of 53?
True
Does 52 divide 3744?
True
Is 5 a factor of 559?
False
Is 532 a multiple of 14?
True
Does 91 divide 364?
True
Does 17 divide 2345?
False
Does 39 divide 2091?
False
Does 38 divide 832?
False
Does 20 divide 3413?
False
Is 19 a factor of 2431?
False
Is 60 a factor of 937?
False
Is 20 a factor of 127?
False
Is 27460 a multiple of 20?
True
Is 21 a factor of 1605?
False
Is 1000 a multiple of 10?
True
Does 8 divide 17864?
True
Is 149 a factor of 199?
False
Does 111 divide 2259?
False
Does 32 divide 2880?
True
Is 588 a multiple of 43?
False
Is 1008 a multiple of 8?
True
Is 18 a factor of 1260?
True
Is 693 a multiple of 77?
True
Is 806 a multiple of 20?
False
Is 66 a factor of 29764?
False
Is 25471 a multiple of 52?
False
Does 35 divide 501?
False
Does 13 divide 2457?
True
Is 366 a factor of 68808?
True
Is 768 a multiple of 64?
True
Is 5376 a multiple of 168?
True
Is 1377 a multiple of 46?
False
Does 242 divide 94622?
True
Is 47 a factor of 15341?
False
Is 40118 a multiple of 13?
True
Is 29 a factor of 254?
False
Does 13 divide 1345?
False
Is 79 a factor of 31679?
True
Is 3752 a multiple of 2?
True
Is 9 a factor of 2072?
False
Does 16 divide 2986?
False
Does 9 divide 22905?
True
Is 6292 a multiple of 22?
True
Is 42 a factor of 547?
False
Does 23 divide 6348?
True
Does 42 divide 4074?
True
Is 97 a factor of 455?
False
Does 63 divide 31634?
False
Is 26910 a multiple of 138?
True
Is 45 a factor of 2385?
True
Does 45 divide 5085?
True
Does 15 divide 2790?
True
Is 84 a factor of 2268?
True
Is 19513 a multiple of 20?
False
Does 19 divide 1154?
False
Does 70 divide 103422?
False
Is 11 a factor of 947?
False
Is 92352 a multiple of 75?
False
Is 7 a factor of 13724?
False
Is 19 a factor of 110007?
False
Does 27 divide 2813?
False
Does 47 divide 5315?
False
Does 87 divide 26278?
False
Does 7 divide 40?
False
Is 32 a factor of 3964?
False
Is 7 even?
False
Is 53 a factor of 62222?
True
Does 43 divide 86?
True
Is 24 a factor of 132776?
False
Is 87 a factor of 87?
True
Is 12 a factor of 7404?
True
Is 899 a multiple of 64?
False
Is 38 a factor of 18088?
True
Is 41720 a multiple of 173?
False
Is 16002 a multiple of 18?
True
Is 6744 a multiple of 122?
False
Does 4 divide 532?
True
Is 7 a factor of 7547?
False
Does 24 divide 504?
True
Does 48 divide 90715?
False
Is 4 a factor of 992?
True
Is 53 a factor of 20193?
True
Is 32714 a multiple of 171?
False
Is 589 a multiple of 163?
False
Is 41 a factor of 7011?
True
Is 26 a factor of 19648?
False
Is 120 a fac